. Suppose -g*a + 16 = -x - x, 8 = 4*a. Calculate w(x).
7
Let f(c) = -c**2 + 8*c - 8. Let b = 531 - 229. Suppose -b*h = -303*h + 7. What is f(h)?
-1
Suppose 5*b + 2*i - 7 = 5*i, 0 = -2*i + 2. Let o(s) = 79*s**3 - 48*s**3 - 11 - 30*s**3 + 10*s**2 + b*s. What is o(-10)?
-31
Let m(d) = -8 + 3*d**3 - 7*d**2 + 2*d - 2*d**3 + 0*d**3. Let z be m(7). Let h(w) = 23*w + 72. Let o(l) = -19*l - 61. Let u(f) = 5*h(f) + 6*o(f). Calculate u(z).
0
Let c(w) = -26*w + 5. Let p = 5620 - 5619. Calculate c(p).
-21
Let n(b) = -3*b**2 - 29*b + 128. Let d(m) = -3*m**3 - 74*m**2 + 21*m - 113. Let k be d(-25). Determine n(k).
-2
Let v(z) = -6*z**3 + 7*z**2 + 10*z + 5. Let c(a) = 5*a**3 - 7*a**2 - 10*a - 5. Let m be (20/8)/((-5)/(-10)). Let p(o) = m*c(o) + 4*v(o). What is p(8)?
-21
Let c(o) = -o**3 - 5*o**2 + 8*o + 6. Let b(w) = -w**3 + 18*w**2 + 20*w - 25. Let a be b(19). Calculate c(a).
-6
Let q(t) = -30*t + 13. Suppose -10*b = -16 - 10 - 14. Give q(b).
-107
Let s(o) = -53*o - 169177 - 4*o**2 + 5*o + 169139. What is s(-11)?
6
Let b(i) = -i**3 - 15*i**2 + i + 19. Let g be b(-15). Let k be ((-42)/3 - -5)*g/(-6). Let x(a) = a. Give x(k).
6
Let f(k) = 18*k**3 - 2 + 7*k**3 - 2*k - 23*k**3 + 23*k**2 - 21*k**2. Determine f(2).
18
Let y(m) = -m**3 - m + 1. Let g(i) = 74*i + 24. Let k be g(-2). Let n = k - -110. Let f be -3 + (-114)/(-21) + 6/n. Determine y(f).
-9
Let u(l) = 1255*l - 1254*l - 5 + 1. Let w = 155 + -152. What is u(w)?
-1
Let g(c) be the third derivative of 63 - 5/3*c**3 + 5/8*c**4 - 2*c**2 + 0*c - 1/60*c**5. Calculate g(14).
4
Let j(b) be the third derivative of -b**4/12 - 4*b**3/3 - 23*b**2. Let n(w) = w**3 + 4*w**2 - 11*w - 13. Let m be n(-7). Let a = 77 + m. Calculate j(a).
4
Let p(f) = -f**2 + 15*f + 11. Let w be p(19). Let v = w + 55. Let y be 6/(-21) - 4/((-56)/v). Let h(z) = -8*z**3 + z**2 + 2*z + 1. Give h(y).
8
Let l = 32664 - 32628. Let g(k) be the third derivative of -1/120*k**6 + k**3 + 0*k + 0 + l*k**2 - 1/15*k**5 + 1/4*k**4. Calculate g(-5).
1
Let r = -42729 + 42711. Let t(f) = f**2 + 13*f - 15. Calculate t(r).
75
Let o(r) = -r**2 + 13*r - 3. Let c(a) = -9*a**2 - 6*a**2 + 15 + 11*a - 3 + 14*a**2. Let h be c(11). What is o(h)?
9
Let d(o) = 2*o**2 - 34*o - 53. Let r(j) = -15*j**2 + 332*j - 25. Let q be r(22). What is d(q)?
23
Let z(a) = a**2 + 1. Let d(y) = 16 + y**2 - 6*y + 15 + 10 - 38. Let n be d(5). Determine z(n).
5
Let i(d) = -d**2 + 5. Let v be ((23 + -9)/14)/(1/(-4)). Determine i(v).
-11
Let l be 68/(-2)*30/(-20). Let c(n) = n**2 - 2*n**2 + l - 105 + 51. Let h be 0*((-8)/4 + 3). Calculate c(h).
-3
Let l(a) be the second derivative of -a**4/12 + 7*a**3/6 - a**2/2 - 2398*a. What is l(10)?
-31
Let t(x) = 11*x**2 - 4. Let s(k) = -k**2 - 1. Let q(n) = -5*s(n) + t(n). Let j(m) = -m**3 - 5*m**2 - 8*m - 3. Let f be j(-2). Give q(f).
17
Let x(p) be the second derivative of -p**4/4 + p**3/6 + p**2 + 18*p - 3. Suppose 4*g + 4*a = -28, -4*a + 15 = -9*a. Let u be 4/g - 3*-1. What is x(u)?
-8
Let p(s) = -11*s + 3. Let v(c) = 16*c - 4. Let y(b) = -7*p(b) - 5*v(b). Suppose -5*q = 3*z + 240, 0 = 2*z - 2*q + 49 + 127. Let a = 84 + z. What is y(a)?
2
Let b = -69 - -64. Let c(k) = 5*k**3 - 3*k - 4. Let z(x) = 6*x**3 - x**2 - 2*x - 5. Let i(n) = b*c(n) + 4*z(n). Calculate i(-6).
30
Let p(f) = -f**3 + 7*f**2 + 10*f - 11. Suppose m - 19 = -2*l, -1 = -2*l + 5*m - 12. Let z be 19/((-266)/(-4)) + 54/l. Give p(z).
5
Let z(i) be the second derivative of 1 - 7/2*i**2 - 7/12*i**4 - 4/3*i**3 - 1/20*i**5 + 4*i. Give z(-6).
5
Let r = -47 + 50. Let m(a) = 9*a**2 - 2*a**3 - 6*a**3 - a**r - 8*a**2. Suppose 1 = 6*k - 7*k. What is m(k)?
10
Let f(z) be the second derivative of -11/2*z**2 + 0 - 1/60*z**5 - 13*z + z**3 + 1/4*z**4. Let l(a) be the first derivative of f(a). Determine l(6).
6
Let u be (-27)/3 - (-77 + 64). Let m(w) = -4*w + 17. Calculate m(u).
1
Let s(y) be the second derivative of -y**4/4 - 2*y. Let o(x) = -2*x**2. Suppose -113*d = -123*d + 50. Let v(c) = d*o(c) - 4*s(c). Determine v(2).
8
Let c(f) = 2*f**2 + 4*f + 26. Let z be c(0). Let a(h) = 9*h + z - 7*h + 5*h - 15. Calculate a(-8).
-45
Let v(i) = -i**2 - 7*i - 7. Let b(z) = z**3 - 8*z**2 - 12*z - 6. Let u be b(9). Let c be 6/((-18)/u) - -1. Suppose 0 = 10*h - 8*h + c. Calculate v(h).
-1
Let t(p) = -5*p. Suppose 2*k + h + 11 = -163, 0 = 2*k - h + 166. Let u = -73 - k. Suppose 5*w - 4*j = 4 - 6, -w = 5*j + u. What is t(w)?
10
Suppose 0 = -2*f + 3*f + 6. Let u(z) be the first derivative of z**4/12 + 2*z**3/3 + 11*z**2 - 3*z + 5. Let x(n) be the second derivative of u(n). What is x(f)?
-8
Suppose 825*f - 375*f - 5676 = -969*f. Let d(q) = 2*q - 16. Let n(k) = -1. Let s(c) = -d(c) + 8*n(c). Determine s(f).
0
Let p(v) = -34*v - 562. Let k be p(-17). Let r = -2 + 4. Let t(s) = -10*s**3 - 10*s**3 + 18 - 4*s + 19*s**3 - k + 6*s**r. Determine t(5).
7
Let d(r) = -18*r - 31 + 4*r**2 + 14*r**2 - 29 + 2*r**2 - 19*r**2. What is d(18)?
-60
Let u(v) be the second derivative of -v**4/12 - v**3 - 3*v**2/2 + 45*v. Suppose 2*w + 5*b = 21, 2*b - 18 = -3*w - w. Let r be 8/2 + -4 - w - 3. Determine u(r).
-3
Let a(x) be the second derivative of -x**5/20 + 3*x**4/4 - 3*x**3/2 + 3*x**2/2 + 9*x. Let b be (24/(-15))/(4/(-20) - 0). Calculate a(b).
-5
Let r(u) = -2*u**2 - 4*u + 2. Suppose -11*x - 1240 = -4936. Let d be 5*1 - x/42. Calculate r(d).
-4
Let h(a) = 5*a**2 - 3*a - 1. Let v = -207 + 245. Let p = v + -35. What is h(p)?
35
Suppose 65*p - 86*p = 0. Let q be -6 + p - 24*(-13)/(-39). Let g(k) = -k**2 - 15*k - 18. Calculate g(q).
-4
Let q(j) be the third derivative of -7*j**5/30 + 3*j**3/2 + 2*j**2 - 54*j. Let r(d) = 2*d**2 + d - 1. Let v(n) = q(n) + 6*r(n). Calculate v(3).
3
Let g be ((9/6)/(-1))/((-24)/64). Suppose j - 5*h = 26, g*h = -0*h - 20. Let w(c) = 10*c**3 + c**2 - 2*c + 1. Give w(j).
10
Suppose -20 + 80 = 4*z. Let p(b) = -2*b - z + 30 - 19. What is p(3)?
-10
Suppose 20*a - 15 = 17*a + h, 2*a = -5*h - 7. Let s(q) = -2*q**2 + 10*q - 26. Determine s(a).
-18
Let z(u) = -u**3 - 4*u**2 - 6*u - 5. Let i be (346/519)/(2/(-15)). What is z(i)?
50
Suppose -5*y - 1 = q, 3 = y - 4*q - 1. Let w(d) be the first derivative of d**3/3 - 10*d + 157. Determine w(y).
-10
Let m(n) = 18*n + 78. Let v(t) = -9*t**2 - 561*t - 191. Let g be v(-62). Determine m(g).
-12
Let f(z) = 7*z + 1. Let r(u) = 22*u + 2. Let j(d) = -12*d - 1. Let t(i) = 7*j(i) + 4*r(i). Let b(k) = 3*f(k) - 5*t(k). Suppose 0 = -y + 1 - 3. Determine b(y).
-4
Let w(f) = 101*f - 600. Let a(o) = 105*o - 99. Let v be a(1). Determine w(v).
6
Let h(z) = -z**2 - 7*z + 8. Suppose 165 = -i + u + 154, -4*u = i - 19. Calculate h(i).
18
Let x = 23 - 20. Let t(o) = 71*o**2 + 64*o**2 + 3*o + 13*o + o**x + 10 - 119*o**2. Give t(-15).
-5
Let k(y) = y**2 - 12 + 23*y - 5*y**2 - 15 - y**2 + 41. Calculate k(5).
4
Let s(k) = 3*k - 1. Let f be 7 + (-13)/((-26)/(-8)). Suppose -2*d + 5*x - 5 = -f*d, 3*x - 26 = 4*d. Give s(d).
-16
Let l be 36/(-2) + 3 + -1. Let q(z) = 2 - 8843*z - 2*z**2 - 2 + 4414*z + 4430*z. Let n(c) = -44*c**2 + 16*c. Let s(d) = l*q(d) + n(d). Give s(1).
-12
Suppose -10*h + 339 = -541. Suppose -4*f - 32 = -h. Let y be (-7)/7 - -4 - (f - 0). Let z(q) = -q**3 - 12*q**2 - 10*q + 11. What is z(y)?
0
Let k(h) = -7*h + 37. Let m(g) = g**2 + 52*g + 674. Let b be m(-23). What is k(b)?
-12
Let d(f) be the third derivative of f**5/60 + 7*f**4/24 - f**3/3 - 3*f**2. Let b = 870 - 876. Determine d(b).
-8
Let r(y) = -363*y + 374. Let q be r(1). Let j(b) = b + 3. Calculate j(q).
14
Let g(f) = -f**3 + 2*f**2 + 5*f. Suppose 0*b = -b + 3. Let d be g(b). Let k(q) = q - 8. What is k(d)?
-2
Let h be 1632/(-34) + (-1 - -14). Let q(c) = -3*c - 95. Give q(h).
10
Suppose 5*n - 1 = -3*s, -2*s + 13 = s + 2*n. Let b(d) = -d**2 - 17*d - 11. Let q(a) = -5*a**2 - 73*a - 45. Let x(o) = -9*b(o) + 2*q(o). Determine x(s).
9
Let a(j) = 75*j - 10 + 41*j - 109*j - 16. What is a(12)?
58
Let h(n) = -4*n**2 + 15*n - 9. Let v(k) = 2*k**2 - 8*k + 5. Let c(w) = 6*h(w) + 11*v(w). Give c(-2).
-11
Let m be 50/(-75) - 14/6. Let f(k) = 21*k + 8. Determine f(m).
-55
Let l(m) = 8 - 4*m + 5 + 8 + 3*m + 3. Give l(16).
8
Let o(r) = -2*r - 20. Suppose 159*s - 652 - 472 = 466. Determine o(s).
-40
Suppose -2*m = -6, -247*z = -252*z + 3*m + 51. Let i(y) = -y**2 + 16*y - 40. What is i(z)?
8
Let t(u) = 50976*u**3 + 14*u**2 - 25490*u**3 - 5 - 25487